lculate u(-1).
-6
Let h(y) = 53*y + 329. Give h(-6).
11
Let v(u) = u**3 + 4*u**2 - 22*u + 6. What is v(-7)?
13
Let j(m) = -11*m**3 - 2*m**2 - 4*m - 2. Determine j(-1).
11
Let d(r) = 38*r + 416. Calculate d(-11).
-2
Let f(k) = k**3 + 13*k**2 - k - 11. Give f(-13).
2
Let v(n) = 7*n - 23. What is v(10)?
47
Let k(d) = -d**2 - 10*d - 6. What is k(-10)?
-6
Let m(k) = 8*k + 1. Calculate m(-1).
-7
Let n(s) = s**3 + 4*s**2 + 4*s + 8. Calculate n(-3).
5
Let b(v) = 2*v - 56. What is b(30)?
4
Let b(o) = 11*o - 40. What is b(6)?
26
Let s(j) = 3*j**2 + 7*j - 1. Give s(-3).
5
Let d(b) = -2*b**2 + 4*b + 7. Give d(4).
-9
Let c(k) = 4*k**2 - 45*k + 15. Give c(13).
106
Let n(s) = -s**2 - 8*s - 3. Give n(-9).
-12
Let t(k) = -k**2 + 10*k + 9. Determine t(8).
25
Let w(g) = g**3 + 9*g**2 - 7. Determine w(-9).
-7
Let v(g) = -2*g**3 + g**2 - 6*g + 4. Determine v(1).
-3
Let c(a) = -2*a + 22. Determine c(10).
2
Let h(j) = -j**3 - 18*j**2 + 174*j - 23. Determine h(-25).
2
Let n(t) = t**3 - 8*t**2 - 9. Determine n(8).
-9
Let h(u) = 2*u**3 - 4*u**2 + u - 2. Calculate h(2).
0
Let h(f) = -4*f**3 + 8*f**2 + 11*f - 2. What is h(-2)?
40
Let f(x) = -x**2 - 15*x - 12. Calculate f(-12).
24
Let p(k) = 23*k - 118. Calculate p(5).
-3
Let z(n) = -3*n + 2. Calculate z(13).
-37
Let f(m) = 5*m + 7. What is f(-2)?
-3
Let r(f) = -f**3 + 7*f + 6. Determine r(-4).
42
Let r(w) = 9*w**3 + w**2 + 3*w - 2. Calculate r(1).
11
Let g(m) = m**3 - 4*m**2 - 4*m + 6. What is g(4)?
-10
Let q(w) = w**2 - 3*w + 2. Give q(2).
0
Let n(u) = u**2 - 3*u - 9. Calculate n(6).
9
Let a(d) = 28*d**3 - 3*d**2 + d. Calculate a(1).
26
Let f(g) = 2*g**3 + 21*g**2 + 27*g + 4. Determine f(-9).
4
Let b(o) = -2*o**2 + 14*o - 6. What is b(10)?
-66
Let z(k) = k**3 - 3*k**2 - 2*k + 7. What is z(5)?
47
Let c(b) = -53*b**2 + 3*b - 1. Determine c(1).
-51
Let j(b) = 4*b - 69. Give j(21).
15
Let r(v) = -v - 11. Give r(0).
-11
Let b(s) = -s**2 + 25*s + 26. What is b(26)?
0
Let b(f) = -2*f - 24. Calculate b(-22).
20
Let y(r) = -r**2 - 38*r + 322. Calculate y(-45).
7
Let w(d) = -d**2 + 5*d + 60. What is w(9)?
24
Let s(k) = -6*k - 8. Calculate s(2).
-20
Let n(r) = 23*r + 78. Give n(-3).
9
Let x(n) = n**2 - 3*n - 2. Give x(-1).
2
Let w(h) = h**2 - 22*h - 131. What is w(-6)?
37
Let d(t) = t + 15. Calculate d(-3).
12
Let m(r) = -2*r**3 - 52*r**2 + 53*r - 21. Determine m(-27).
6
Let l(z) = 2*z - 28. Determine l(9).
-10
Let q(s) = 50*s - 855. What is q(17)?
-5
Let i(j) = -j**2 - 2*j + 7. What is i(5)?
-28
Let g(o) = o**3 - 7*o**2 - 2*o + 20. Calculate g(7).
6
Let n(k) = k**2 + k - 11. Give n(0).
-11
Let m(p) = 7*p + 29. What is m(-4)?
1
Let z(c) = -c**3 + c**2 - 22. Give z(0).
-22
Let n(b) = b**3 - b**2 - 2*b. Determine n(4).
40
Let y(q) = 11*q**2 + 52*q - 20. Give y(-5).
-5
Let k(u) = -u**3 - 45*u**2 - 53*u - 399. Calculate k(-44).
-3
Let n(b) = -b**2 - 57*b - 7. Determine n(-57).
-7
Let t(p) = p**2 + 13*p + 36. Give t(-10).
6
Let a(f) = 10*f**2 + 30*f + 2. What is a(-3)?
2
Let p(h) = -3*h - 6. Give p(9).
-33
Let o(j) = -j**2 - 3*j - 3. What is o(3)?
-21
Let d(f) = -f**2 - 2*f + 2. Give d(-12).
-118
Let g(v) = -v**3 - 4*v**2 - 3*v + 3. What is g(-4)?
15
Let u(v) = -v**2 + 2*v - 3. Give u(-6).
-51
Let b(s) = 2*s**2 + 7*s + 9. What is b(-3)?
6
Let a(i) = -i**3 + 4*i**2 + 7*i + 5. Give a(6).
-25
Let h(p) = 9*p - 32. Determine h(3).
-5
Let r(n) = n**2 - n - 1. Give r(5).
19
Let c(u) = 6*u + 4. Determine c(-5).
-26
Let j(x) = -x**3 + 9*x**2 - 9*x + 9. Determine j(8).
1
Let y(b) = 2*b + 5. What is y(0)?
5
Let z(h) = h**2 + 6*h + 4. Determine z(-5).
-1
Let t(v) = v - 5. Give t(-13).
-18
Let o(p) = p**3 + 9*p**2 - 12*p - 27. What is o(-10)?
-7
Let w(n) = n**2 + 9*n + 18. Calculate w(0).
18
Let j(p) = 13*p**2 + p - 1. Calculate j(2).
53
Let o(z) = -31*z**2 - z. Calculate o(-1).
-30
Let l(g) = 5*g + 15. Give l(-6).
-15
Let y(s) = 11*s + 88. Give y(-7).
11
Let f(y) = 5*y**2 + 2*y + 3. Determine f(3).
54
Let h(w) = -w**3 - 6*w**2 + 4*w + 14. Determine h(-6).
-10
Let d(r) = r**3 + 8*r**2 - 7*r + 7. Give d(-9).
-11
Let k(g) = -g**3 - 5*g**2 + 2*g - 13. Determine k(-6).
11
Let w(c) = 3*c**3 - 3*c**2 + 2*c + 1. Determine w(2).
17
Let g(l) = 11*l + 22. Determine g(-4).
-22
Let q(c) = 6*c + 37. What is q(-6)?
1
Let v(f) = -13*f + 279. Calculate v(21).
6
Let q(w) = -26*w - 1. What is q(1)?
-27
Let u(z) = -2*z + 5. Determine u(-4).
13
Let t(j) = 18*j + 132. What is t(-8)?
-12
Let p(c) = 2*c**2 - 4. Determine p(-3).
14
Let d(t) = t**3 - 8*t**2 + 9*t + 12. Determine d(5).
-18
Let r(o) = -2*o**3 - 47*o**2 + 17*o - 175. Give r(-24).
-7
Let w(r) = r + 6. Give w(-3).
3
Let f(x) = 8*x + 1. Determine f(2).
17
Let q(c) = -c**3 - 7*c**2 - 6*c + 13. What is q(-6)?
13
Let v(p) = 14*p - 235. Determine v(17).
3
Let x(o) = 3*o + 8. What is x(-3)?
-1
Let a(u) = 33*u**3 + 2*u**2 + 2*u. Determine a(-1).
-33
Let x(k) = -k**3 + 3*k**2 + 12*k + 9. Calculate x(5).
19
Let x(d) = -6*d + 29. Calculate x(11).
-37
Let d(v) = v**2 - 7*v - 9. Give d(9).
9
Let x(k) = k**2 + 25*k - 52. Calculate x(-19).
-166
Let j(n) = 2*n**2 + 19*n - 21. Calculate j(-9).
-30
Let y(h) = -h**2 + 20*h + 14. Determine y(19).
33
Let k(i) = -i**3 + 6*i**2 + 2*i - 6. Give k(6).
6
Let i(f) = f**3 + 8*f**2 - 21*f - 13. Give i(-10).
-3
Let h(m) = -3*m**2 + 8*m - 6. Give h(3).
-9
Let h(o) = -o**2 - 29*o - 106. Give h(-25).
-6
Let g(d) = d**3 + 22*d**2 + 1. Determine g(-22).
1
Let l(q) = q**2 - q - 7. What is l(-6)?
35
Let x(z) = -z**2 - 11*z - 10. Give x(-7).
18
Let b(r) = r**3 + 7*r**2 - r - 2. Give b(-5).
53
Let m(a) = 5*a - 18. Give m(3).
-3
Let j(h) = -h**3 + 3*h**2 + h + 6. Determine j(3).
9
Let g(w) = -4*w + 28. What is g(13)?
-24
Let g(m) = m**3 + 7*m**2 + 3*m - 17. Determine g(-4).
19
Let d(l) = 11*l**2 - l. Calculate d(1).
10
Let p(i) = -i**3 - 4*i**2 + i + 1. Give p(-4).
-3
Let g(b) = b**3 - 4*b**2 - 8*b + 11. Calculate g(5).
-4
Let x(k) = -2*k - 25. Calculate x(-8).
-9
Let m(u) = 4*u - 4. Determine m(4).
12
Let f(s) = -s**3 + 10*s**2 + s + 1. Give f(10).
11
Let g(k) = 3*k**2 + 10*k + 8. What is g(-6)?
56
Let b(m) = m**2 + 10*m + 2. Calculate b(-9).
-7
Let x(r) = -r**3 - 12*r**2 + 3*r + 29. Calculate x(-12).
-7
Let t(q) = -q**2 + 13*q + 8. Give t(12).
20
Let d(p) = -2*p**2 - 3*p - 2. Calculate d(-4).
-22
Let g(x) = -x - 10. Calculate g(-11).
1
Let t(u) = -u + 10. Calculate t(5).
5
Let d(q) = 6*q**2 - 2*q - 2. Give d(-3).
58
Let s(k) = -k - 3. Give s(-3).
0
Let t(p) = 3*p**2 + 64*p - 364. Determine t(-26).
0
Let x(m) = -105*m**2 + 12*m - 11. Give x(1).
-104
Let r(s) = -s**3 + s**2 - 4*s + 8. Determine r(2).
-4
Let m(t) = 12*t - 13. Determine m(5).
47
Let t(k) = -k**2 - 6*k - 6. Calculate t(-6).
-6
Let q(h) = h**2 - 20*h + 14. Determine q(16).
-50
Let w(s) = s**3 + 22*s**2 + 21*s - 2. What is w(-21)?
-2
Let d(r) = 86*r - 2. What is d(-1)?
-88
Let y(q) = -q**3 + 5*q**2 + 3*q - 14. Give y(5).
1
Let o(g) = -g**2 - 8*g + 16. Determine o(-10).
-4
Let t(c) = -c**2 - 10*c - 5. Calculate t(-9).
4
Let h(s) = s**2 + 9*s + 4. What is h(-3)?
-14
Let m(k) = -k**3 - 5*k**2 + k - 2. Calculate m(-5).
-7
Let c(j) = -3*j + 4. Determine c(-6).
22
Let f(x) = -3*x**3 - 2*x**2 + 3*x - 2. What is f(-3)?
52
Let d(o) = -o**2 + 7*o + 3. Calculate d(6).
9
Let y(x) = 2*x + 34. Determine y(-21).
-8
Let n(w) = w**3 + 9*w**2 + 8*w + 6. Give n(-8).
6
Let m(k) = k**2 - k - 23. Give m(-11).
109
Let x(g) = 5*g**3 + 2*g**2 - 2*g - 3. What is x(-1)?
-4
Let c(b) = -b**3 - 4*b**2 + 6*b + 12. What is c(-4)?
-12
Let v(q) = 2*q**3 - 12*q**2 + 13*q + 8. Calculate v(4).
-4
Let p(g) = -g**3 + 51*g**2 + 108*g - 123. Determine p(53).
-17
Let m(w) = 2*w + 8. Give m(5).
18
Let p(g) = -22*g**2 - 5*g + 10. What is p(2)?
-88
Let a(z) = z**2 + 11*z - 12. What is a(-12)?
0
Let z(c) = c**3 - c**2 + 2*c - 2. What is z(1)?
0
Let y(a) = -a**3 + 4*a**2 + 11*a - 5. Calculate y(6).
-11
Let a(y) = y**2 + 10*y + 13. Give a(-9).
4
Let n(b) = 75*b**3 - b**2 + b - 1. Determine n(1).
74
Let t(j) = j - 10. Determine t(6).
-4
Let j(o) = o - 17. Give j(10).
-7
Let h(k) = k**2 - 13*k - 17. Give h(14).
-3
Let c(o) = 13*o + 79. Give c(-5).
14
Let b(t) = 12*t + 456. Calculate b(-38).
0
Let r(n) = 3*n**3 - n**2 - 5*n + 3. Calculate r(-3).
-72
Let o(m) = 8*m**2 - 8*m - 15. Calculate o(-3).
81
Let d(j) = 118*j - 1529. What is d(13)?
5
Let g(m) = -2*m**3 - 19*m**2 - 7*m - 1. Det